What is the remainder when 305 is divided by 80?
65
Calculate the remainder when 765 is divided by 196.
177
Calculate the remainder when 939 is divided by 83.
26
Calculate the remainder when 463 is divided by 94.
87
Calculate the remainder when 67 is divided by 25.
17
What is the remainder when 217 is divided by 61?
34
What is the remainder when 204 is divided by 8?
4
Calculate the remainder when 878 is divided by 849.
29
What is the remainder when 1475 is divided by 21?
5
Calculate the remainder when 72 is divided by 23.
3
Calculate the remainder when 286 is divided by 28.
6
What is the remainder when 88 is divided by 27?
7
What is the remainder when 259 is divided by 91?
77
What is the remainder when 392 is divided by 70?
42
Calculate the remainder when 2910 is divided by 61.
43
What is the remainder when 16 is divided by 4?
0
Calculate the remainder when 26328 is divided by 116.
112
What is the remainder when 45 is divided by 18?
9
Calculate the remainder when 98 is divided by 26.
20
Calculate the remainder when 193 is divided by 57.
22
Calculate the remainder when 174 is divided by 36.
30
Calculate the remainder when 861 is divided by 108.
105
Calculate the remainder when 154 is divided by 50.
4
Calculate the remainder when 104 is divided by 35.
34
Calculate the remainder when 162 is divided by 56.
50
What is the remainder when 532 is divided by 42?
28
What is the remainder when 39 is divided by 9?
3
Calculate the remainder when 81 is divided by 6.
3
What is the remainder when 57 is divided by 35?
22
What is the remainder when 73 is divided by 52?
21
Calculate the remainder when 426 is divided by 35.
6
What is the remainder when 930 is divided by 49?
48
What is the remainder when 1830 is divided by 27?
21
Calculate the remainder when 263 is divided by 14.
11
What is the remainder when 1028 is divided by 81?
56
Calculate the remainder when 73 is divided by 57.
16
Calculate the remainder when 1656 is divided by 189.
144
Calculate the remainder when 219 is divided by 16.
11
What is the remainder when 793 is divided by 14?
9
What is the remainder when 309 is divided by 103?
0
What is the remainder when 178 is divided by 91?
87
What is the remainder when 578 is divided by 156?
110
What is the remainder when 1677 is divided by 16?
13
Calculate the remainder when 100 is divided by 12.
4
Calculate the remainder when 1187 is divided by 295.
7
What is the remainder when 140 is divided by 9?
5
What is the remainder when 4343 is divided by 69?
65
What is the remainder when 45 is divided by 4?
1
What is the remainder when 145 is divided by 33?
13
What is the remainder when 331 is divided by 5?
1
What is the remainder when 746 is divided by 69?
56
What is the remainder when 7589 is divided by 115?
114
What is the remainder when 230 is divided by 47?
42
Calculate the remainder when 68 is divided by 5.
3
What is the remainder when 59 is divided by 14?
3
Calculate the remainder when 15 is divided by 9.
6
Calculate the remainder when 943 is divided by 10.
3
Calculate the remainder when 93 is divided by 24.
21
Calculate the remainder when 101 is divided by 28.
17
Calculate the remainder when 565 is divided by 274.
17
What is the remainder when 479 is divided by 49?
38
What is the remainder when 87 is divided by 17?
2
Calculate the remainder when 97 is divided by 18.
7
Calculate the remainder when 2541 is divided by 842.
15
What is the remainder when 787 is divided by 113?
109
What is the remainder when 269 is divided by 41?
23
What is the remainder when 174 is divided by 16?
14
Calculate the remainder when 211 is divided by 73.
65
What is the remainder when 1666 is divided by 142?
104
Calculate the remainder when 242 is divided by 45.
17
Calculate the remainder when 347 is divided by 8.
3
Calculate the remainder when 5840 is divided by 46.
44
Calculate the remainder when 932 is divided by 39.
35
Calculate the remainder when 104 is divided by 92.
12
Calculate the remainder when 221 is divided by 16.
13
Calculate the remainder when 131 is divided by 5.
1
Calculate the remainder when 33 is divided by 16.
1
What is the remainder when 286 is divided by 29?
25
What is the remainder when 183 is divided by 37?
35
Calculate the remainder when 501 is divided by 36.
33
What is the remainder when 191 is divided by 16?
15
Calculate the remainder when 1083 is divided by 181.
178
Calculate the remainder when 274 is divided by 22.
10
Calculate the remainder when 288 is divided by 153.
135
Calculate the remainder when 128 is divided by 34.
26
What is the remainder when 3745 is divided by 25?
20
What is the remainder when 134 is divided by 26?
4
Calculate the remainder when 890 is divided by 81.
80
Calculate the remainder when 150 is divided by 139.
11
What is the remainder when 210 is divided by 63?
21
Calculate the remainder when 154 is divided by 98.
56
What is the remainder when 321 is divided by 76?
17
Calculate the remainder when 420 is divided by 413.
7
What is the remainder when 416 is divided by 30?
26
Calculate the remainder when 63 is divided by 37.
26
What is the remainder when 409 is divided by 26?
19
What is the remainder when 4094 is divided by 65?
64
Calculate the remainder when 1693 is divided by 85.
78
Calculate the remainder when 3224 is divided by 1074.
2
What is the remainder when 1162 is divided by 3?
1
What is the remainder when 190 is divided by 39?
34
What is the remainder when 94 is divided by 56?
38
What is the remainder when 1448 is divided by 180?
8
What is the remainder when 137 is divided by 7?
4
What is the remainder when 1558 is divided by 13?
11
What is the remainder when 8082 is divided by 4?
2
What is the remainder when 3435 is divided by 29?
13
What is the remainder when 10197 is divided by 5?
2
What is the remainder when 4555 is divided by 117?
109
What is the remainder when 1032 is divided by 11?
9
What is the remainder when 311 is divided by 105?
101
What is the remainder when 371 is divided by 183?
5
What is the remainder when 902 is divided by 4?
2
Calculate the remainder when 6093 is divided by 127.
124
Calculate the remainder when 421 is divided by 9.
7
Calculate the remainder when 129 is divided by 50.
29
Calculate the remainder when 1517 is divided by 40.
37
Calculate the remainder when 54 is divided by 8.
6
Calculate the remainder when 7377 is divided by 9.
6
What is the remainder when 303 is divided by 38?
37
What is the remainder when 559 is divided by 35?
34
Calculate the remainder when 6618 is divided by 14.
10
What is the remainder when 320 is divided by 84?
68
Calculate the remainder when 478 is divided by 44.
38
What is the remainder when 1679 is divided by 28?
27
What is the remainder when 956 is divided by 7?
4
What is the remainder when 977 is divided by 970?
7
Calculate the remainder when 284 is divided by 11.
9
What is the remainder when 349 is divided by 16?
13
Calculate the remainder when 246 is divided by 51.
42
What is the remainder when 916 is divided by 38?
4
What is the remainder when 1702 is divided by 155?
152
What is the remainder when 1200 is divided by 43?
39
Calculate the remainder when 41 is divided by 21.
20
What is the remainder when 120 is divided by 30?
0
Calculate the remainder when 493 is divided by 38.
37
Calculate the remainder when 723 is divided by 175.
23
Calculate the remainder when 2 is divided by 1.
0
Calculate the remainder when 793 is divided by 14.
9
Calculate the remainder when 239 is divided by 111.
17
What is the remainder when 233 is divided by 17?
12
Calculate the remainder when 96 is divided by 6.
0
Calculate the remainder when 113 is divided by 72.
41
What is the remainder when 41 is divided by 2?
1
What is the remainder when 791 is divided by 18?
17
What is the remainder when 120 is divided by 2?
0
Calculate the remainder when 1079 is divided by 539.
1
What is the remainder when 160 is divided by 15?
10
Calculate the remainder when 2707 is divided by 2696.
11
Calculate the remainder when 3089 is divided by 206.
205
Calculate the remainder when 81 is divided by 14.
11
What is the remainder when 2924 is divided by 266?
264
Calculate the remainder when 347 is divided by 58.
57
Calculate the remainder when 1692 is divided by 846.
0
What is the remainder when 1815 is divided by 8